lculate the remainder when 39 is divided by b.
11
Let i(b) = 2*b**2 - b - 1. Let q be i(1). Suppose v - 43 + 173 = q. What is the remainder when -3 - 4/(8/v) is divided by 16?
14
Calculate the remainder when 509 is divided by (208/(-12) - -3)*90/(-15).
79
Let q(c) = c**3 - 8*c**2 - 10*c. Let p be q(9). What is the remainder when 69 is divided by p*2*(6 + -7)?
15
Calculate the remainder when 2 - (-112)/(-64) - (-526)/8 is divided by 29.
8
Suppose 3*y + 4*q - 244 = -2*y, 4*y - 195 = -3*q. Calculate the remainder when y is divided by 12/(-54) - (-2 + 74/(-9)).
8
Let s = 43 - 21. Let x = 18 + 110. Let d = 212 - x. Calculate the remainder when d is divided by s.
18
Let m = -130 + 217. Suppose -6*b - 3 = -m. What is the remainder when 48 is divided by b?
6
Suppose t - 8 = -z, -4*z + 13 + 17 = 2*t. Suppose z*h - 5993 = -26286. What is the remainder when 26 is divided by (-2)/(-15) + h/(-195)?
11
Let q(y) = -2*y**2 + 68*y + 129. What is the remainder when q(35) is divided by 9?
5
Let d(k) = -13*k - 802. Calculate the remainder when 268 is divided by d(-66).
44
Suppose 0 = 2*n - 5*j - 22, -n + 3*j = 2 - 11. Suppose 3*r + 2*s - 93 = -0*r, -4*r + s + 146 = 0. Calculate the remainder when r is divided by n.
14
Let k = -1152 - -1322. Calculate the remainder when 173 is divided by k.
3
Suppose 0 = 19*l - 101 - 70. What is the remainder when 26 is divided by l?
8
Let x be 10/(-15) + (-2)/(-3). Suppose 95 = 5*h - x. Calculate the remainder when h is divided by 11.
8
Let a = -83 - -86. Suppose 281 = 4*z - a. What is the remainder when z is divided by 6?
5
Let n = -1039 - -1065. What is the remainder when 130 is divided by n?
0
Let q = 481 + -397. What is the remainder when 335 is divided by q?
83
Suppose 0 = f + 3*y - 43, 3*f + 4*y = -0*f + 109. Let b(u) = -u**3 + 2 + 12*u**2 + 3*u - 12*u**2 + 5*u**2. Calculate the remainder when f is divided by b(5).
14
Suppose 45 + 242 = 7*c. Calculate the remainder when c is divided by 33.
8
Suppose 308 = 9*k + 20. What is the remainder when (1 - -2 - 0) + (k - 3) is divided by 5?
2
Suppose -2*o + 0*o = -6, -243 = -3*c + 2*o. Calculate the remainder when c is divided by 15.
8
Suppose 3075 = 22*p + 3*p. What is the remainder when p is divided by 9?
6
Let j = -85 - -97. What is the remainder when 393 is divided by j?
9
Let c(d) = 18*d - 157. What is the remainder when 987 is divided by c(10)?
21
Let q = -46 - 22. Let m = -41 - q. Calculate the remainder when 43 is divided by m.
16
Suppose -4*s - 10*b + 9*b = -1352, -4*s + 1328 = -5*b. What is the remainder when s is divided by 29?
18
Let o = 337 + -307. Calculate the remainder when o is divided by 27.
3
Suppose 2*t + a = -3*t + 102, a = 4*t - 78. Calculate the remainder when t is divided by 12.
8
Suppose -4*q = -8*q + 3*a + 56, 4*q + a = 72. Suppose -2*u = -5 + 19. Let f(t) = t**3 + 8*t**2 + 4*t + 10. Calculate the remainder when f(u) is divided by q.
14
Let f(o) = o**3 - 10*o**2 - 3*o - 3. What is the remainder when 1442 is divided by f(11)?
82
Let n = 46 + -206. Let s = -88 - n. Let d(r) = -5*r - 10. What is the remainder when s is divided by d(-7)?
22
Suppose 5*f = -4*x + 13, -3*f = -4*x - 7 - 20. Suppose -4*l - f*a = -175, 3*l - 4*a - 77 = 62. Calculate the remainder when l is divided by 24.
21
Suppose 4*t + 5*i = -17, t - 9 = -t + i. Suppose t*w - 98 = 2*g, 2*w - 3*g = g + 94. Calculate the remainder when 21 is divided by w/6 + (-6)/12.
5
Let m(n) = 40*n - 245. Calculate the remainder when m(9) is divided by 12.
7
Let h be -4 - -6 - (0 + 2). Suppose -4*l = 5*r - 316, h*r - 5*r + 237 = 3*l. What is the remainder when l is divided by 27?
25
Suppose 40*i + 3*z = 44*i - 109, -26 = -i + 2*z. Let q be -8 + (-3 - -2) + 1. What is the remainder when 2*-218*2/q is divided by i?
25
Suppose -r - 6*i = -2*i - 36, r = i + 56. Calculate the remainder when 205 is divided by r.
49
Let p(w) = 2*w**2 + 7*w + 11. Let u be p(6). Suppose -32 = 3*d - u. What is the remainder when 118 is divided by d?
25
What is the remainder when 30/(-4)*(-29)/(116/24) is divided by 24?
21
Let i = -352 - -364. Let b = -4 + 6. Let d = 7 - b. Calculate the remainder when i is divided by d.
2
Suppose -2*h + 5*o = -55, -3*o = -8 - 1. Calculate the remainder when h - (-2)/3*3 is divided by 13.
11
Let n(m) = -2*m + 25. What is the remainder when 10 is divided by n(8)?
1
Suppose -216 = -292*l + 286*l. Calculate the remainder when l is divided by 6.
0
Suppose r - 22 = -2*g, -3*g - 79 = -11*r + 9*r. Calculate the remainder when 157 is divided by r.
29
Calculate the remainder when 50 is divided by 238/14 + (0 - -1).
14
Suppose -5*s + 2*s + 5*y - 100 = 0, -5*s - 172 = -3*y. Calculate the remainder when (3 + s/15)/(2/21) is divided by 4.
3
Let p(k) = -3*k + 5. Let q be p(1). Suppose q*y = -3*y + 180. What is the remainder when 249 is divided by y?
33
Let u(s) = s**3 + 9*s**2 + 5*s. Let b be (-132)/21 - (-6)/21. Let y = 2 - -18. What is the remainder when u(b) is divided by y?
18
Let y(i) = -i**2 + 11*i + 3. Let h be y(11). Suppose 0 = -2*m + h*m - 102. Suppose -5*r + m = -33. Calculate the remainder when r is divided by 14.
13
Let i = -334 - -383. Calculate the remainder when 161 is divided by i.
14
Let b(j) be the second derivative of 11*j**3/6 - j**2 + 2*j. Let m(y) = y**2 + 7*y + 2. Let l be m(-7). What is the remainder when b(l) is divided by 7?
6
Suppose -2*t + 4*t = -7*m + 137, 3*t - 165 = 3*m. Calculate the remainder when 151 is divided by t.
35
Let r(w) = w**2 + w + 2. Let q be r(6). Suppose 0 = 2*s + 2*s - q. Suppose 5*a = 5, 23*a = -3*f + 26*a + 57. What is the remainder when f is divided by s?
9
Suppose l = 13*l - 36. Let f(w) = w**3 + 3*w**2 - 6*w + 5. What is the remainder when f(l) is divided by 11?
8
Suppose 4 = k - 3. Suppose 2*w - k*w = 20, f = -2*w - 4. Calculate the remainder when 8 is divided by f.
0
Suppose -j - 5*h = 2, 2*h = -3*j + 10 - 3. Suppose 84 = j*m - 75. What is the remainder when m is divided by 29?
24
Let p = 66 + -29. Let y(a) = 9*a + 7*a**2 + a**2 - a**3 + 3*a**2 - 6*a**2 - 5. Calculate the remainder when p is divided by y(6).
11
What is the remainder when 130 + -29 - (2 + 0) is divided by 8?
3
Suppose q - 5 = -2*p - 2, -q + 6 = -p. Suppose -13*l + 8*l + 150 = 0. Suppose -q*a - 10 = -l. Calculate the remainder when a is divided by 2.
0
Suppose 87*f = 70*f + 102. What is the remainder when (42/8)/(6/32) is divided by f?
4
Suppose 0*t - 60 = -6*t. Let h be -26*(0 + (-9)/6). Suppose 5*s = 4*b + 111, 3*b = s - 2*b - h. Calculate the remainder when s is divided by t.
9
Let y = 148 - 133. Suppose 3*x - y = 0, -4*f = x + 4*x - 161. What is the remainder when f is divided by 9?
7
Suppose -39 = 8*n - 5*n. Let p = 20 + n. Let z = 52 + -27. Calculate the remainder when z is divided by p.
4
Suppose -809 - 1267 = -12*k. Calculate the remainder when k is divided by 20.
13
Suppose -6*f + 118 = -4*f. Let k = -23 + f. What is the remainder when 178 is divided by k?
34
Let w(q) = -2*q**3 + 7*q**2 - 4*q + 7. Calculate the remainder when w(-4) is divided by 44.
43
Let d = 36 + -20. What is the remainder when d is divided by 7?
2
Let a(t) = -3*t + 14. Let k be a(-5). Suppose 3*p = k + 94. What is the remainder when 77 is divided by p?
36
Suppose 2774 = 6*y - 958. What is the remainder when y is divided by 17?
10
Calculate the remainder when 1*((-4504)/(-30) - 40/300) is divided by 31.
26
Let x(i) be the third derivative of -i**4/24 + 5*i**3/3 + 3*i**2. Let q(l) = l**2 + 4*l + 3. Let c be q(-3). Calculate the remainder when 37 is divided by x(c).
7
Let n(o) = 30*o**2 - 19*o - 4. What is the remainder when n(-2) is divided by 78?
76
Suppose 320 = 6*b - b. Suppose 5*w = 3*w + b. Suppose -25 = -5*z, -3*z - 2*z + 42 = i. Calculate the remainder when w is divided by i.
15
Let o(b) = b**3 - 3*b**2 + 3*b + 9. What is the remainder when o(6) is divided by 70?
65
Let z(g) = 145*g - 17. Calculate the remainder when z(1) is divided by 27.
20
Let y(s) = -s**3 + 4*s**2 + 8*s + 4. Let f be y(5). Let p = f + -3. Let t = -58 - -101. Calculate the remainder when t is divided by p.
11
Let m(s) = 33*s + 3. Let l(x) = -49*x - 4. Let d(v) = -5*l(v) - 8*m(v). Let f be (0 - 10/5)/1. Calculate the remainder when d(f) is divided by 7.
6
Let a = -41 - -37. Let o(x) = -8*x**3 - 1. Calculate the remainder when 9 + (2 - (-3 - a)) i